is -547d (base 14) in base 16?
-3917
3c312 (base 15) to base 6
4045455
403401431 (base 5) to base 9
3042111
What is -167124 (base 13) in base 6?
-15544233
-2432335 (base 6) to base 7
-1044464
Convert 366a2 (base 12) to base 5.
4323222
-3041115 (base 9) to base 8
-6136617
What is 100111111112100 (base 3) in base 6?
300113400
-2901403 (base 12) to base 11
-4700138
What is 11011121111001 (base 3) in base 11?
1284331
What is -22002102210 (base 3) in base 11?
-a9704
-1010011100011011111 (base 2) to base 13
-bca11
What is 4ce1e5 (base 15) in base 5?
1421131230
What is 83bb2b (base 12) in base 6?
112235255
What is 748311 (base 11) in base 7?
13113430
Convert 42e04 (base 15) to base 11.
135645
95829 (base 14) to base 9
610257
-1124b (base 14) to base 10
-41619
What is -22047277 (base 9) in base 13?
-2293339
What is 300944b (base 12) in base 15?
bc400e
What is -222001111211022 (base 3) in base 14?
-1ba651a
Convert -122321110 (base 5) to base 6.
-20342225
-e86372 (base 15) to base 8
-52134202
What is -24325501 (base 6) in base 16?
-bce2d
2db83 (base 14) to base 13
4031b
Convert 6889a5 (base 12) to base 7.
20141555
What is 1000011101111111 (base 2) in base 15?
a427
Convert 7873ab (base 14) to base 13.
b03737
-151046 (base 7) to base 4
-13020011
e4b94 (base 15) to base 12
2ab594
Convert -832952 (base 10) to base 15.
-116c02
What is 29822 (base 15) in base 14?
368c9
-15220113 (base 6) to base 7
-4342200
274b5d (base 15) to base 13
511b82
What is -789c10 (base 14) in base 8?
-17506126
-1112203030 (base 4) to base 2
-1010110100011001100
What is 631a77 (base 11) in base 8?
3672166
Convert -101100111010000101 (base 2) to base 8.
-547205
4180222 (base 10) to base 12
149713a
298611 (base 14) to base 13
3b7671
Convert -228126 (base 9) to base 7.
-1110606
Convert 1210010000012 (base 3) to base 13.
272054
What is 2013002102 (base 5) in base 2?
1111011000010000100111
-56297 (base 13) to base 12
-76655
What is 110101001110100100 (base 2) in base 5?
23434040
What is -6571733 (base 8) in base 12?
-71224b
Convert -11213012031 (base 4) to base 9.
-2681570
-13103056 (base 9) to base 14
-bd85c7
Convert -2022121122 (base 4) to base 3.
-1001210121100
What is 1010111110100111011 (base 2) in base 7?
3025542
-261836 (base 11) to base 15
-8225b
855950 (base 11) to base 2
101001110010101000100
What is 11647547 (base 9) in base 8?
25575623
115400 (base 9) to base 11
48304
What is -24101003 (base 6) in base 9?
-1368863
Convert -388882 (base 9) to base 2.
-111001101010011101
Convert 6b6076 (base 12) to base 4.
12212233122
-50088 (base 14) to base 13
-69638
1646028 (base 9) to base 15
1317be
What is -94589a (base 14) in base 16?
-4c7060
Convert -59723a (base 16) to base 14.
-ac83c6
Convert -25232715 (base 9) to base 10.
-12362963
Convert 8b41 (base 12) to base 5.
443312
Convert -161db (base 15) to base 4.
-101122022
Convert 101111111101001111 (base 2) to base 3.
100222110020
-62132 (base 13) to base 14
-481b4
What is -4711 (base 8) in base 3?
-10102210
Convert -34325104 (base 7) to base 8.
-13337710
11988ed (base 15) to base 4
300030220120
What is 312405 (base 6) in base 15?
7705
101010100000110100 (base 2) to base 9
284770
1501 (base 13) to base 2
101111100011
Convert -13471168 (base 9) to base 8.
-31320277
404035 (base 9) to base 4
322120220
Convert -202002002210 (base 3) to base 16.
-607b9
What is 11595826 (base 10) in base 4?
230033000302
-16a12 (base 16) to base 3
-11201010222
Convert 12001303211 (base 4) to base 14.
2d1c7b
What is -2914923 (base 10) in base 13?
-7b0a0b
What is 10210200121102 (base 3) in base 8?
7553557
-825616 (base 10) to base 12
-339954
Convert -5386205 (base 10) to base 6.
-311240045
What is 123211 (base 7) in base 16?
58d8
What is -2b813 (base 14) in base 9?
-174867
3202003 (base 6) to base 13
55ca7
Convert 24137201 (base 8) to base 11.
2a94770
What is 60728 (base 10) in base 8?
166470
What is -290327 (base 15) in base 8?
-7421457
Convert 341d23 (base 14) to base 12.
71588b
What is -1064117 (base 9) in base 10?
-573820
Convert 10100100101011001 (base 2) to base 14.
22a25
-563403 (base 8) to base 6
-4024335
-12013023420 (base 5) to base 2
-110100101000110011010010
What is -2c500e (base 16) in base 14?
-5584a2
201233300112 (base 4) to base 7
135123063
What is c444d (base 14) in base 5?
110112241
Convert 94b9 (base 14) to base 11.
182a2
Convert 2132223022 (base 4) to base 16.
9eaca
Convert -1ad76cc (base 14) to base 5.
-11414141443
Convert 255150551 (base 6) to base 2.
10011000110010101000011
-1224414211 (base 5) to base 12
-bb0a9a
What is -20d5a (base 14) in base 7?
-450443
-75652745 (base 8) to base 3
-1010111112002110
What is 165866 (base 9) in base 6?
2111440
What is 2165362 (base 8) in base 16?
8eaf2
What is -18a62aa (base 12) in base 9?
-10686814
Convert 32852 (base 11) to base 12.
23676
-11122422 (base 6) to base 8
-1223216
What is 94712 (base 10) in base 7?
543062
What is 182904 (base 13) in base 10?
605700
Convert 1010001101001110011100 (base 2) to base 16.
28d39c
Convert -25043562 (base 7) to base 8.
-10443155
-2102202 (base 6) to base 2
-11000110011011010
332cccb (base 13) to base 6
1320024311
What is 67a1c (base 13) in base 2?
101110000000101100
Convert -1111011010100111010100 (base 2) to base 7.
-46230562
What is 12102211220 (base 3) in base 16?
1a22c
Convert 1021110201 (base 3) to base 15.
76a4
-341111020 (base 5) to base 11
-937989
Convert 203200301 (base 5) to base 15.
1173a1
What is -10111100100110111000 (base 2) in base 3?
-1110020201110
What is ac7c2 (base 14) in base 4?
1212031012
What is -6598426 (base 10) in base 6?
-353232134
Convert 111333015 (base 7) to base 5.
3212432113
What is -7767d (base 14) in base 2?
-1000110101001111111
Convert -100111111000000010 (base 2) to base 13.
-5945b
Convert -16aa44 (base 11) to base 16.
-40529
Convert 3d728 (base 15) to base 11.
125311
What is -3231431223 (base 5) in base 12?
-2390084
Convert f0d59 (base 16) to base 7.
11245653
ccb69 (base 13) to base 12
15a882
Convert 442253 (base 6) to base 14.
d5c5
Convert 55355 (base 7) to base 10.
13907
Convert 11010001101000101 (base 2) to base 4.
122031011
-102220303 (base 4) to base 13
-28993
What is -92005 (base 11) in base 8?
-406444
What is 2442453 (base 6) in base 11?
89912
Convert -40361001 (base 8) to base 10.
-8512001
Convert 442032004 (base 6) to base 12.
27a8604
Convert -5792a4 (base 14) to base 16.
-2d8560
333243113 (base 5) to base 10
1462283
What is -91486 (base 10) in base 12?
-44b3a
What is -5ab7ad (base 16) in base 2?
-10110101011011110101101
What is 40021003 (base 5) in base 6?
10421050
What is -47816 (base 9) in base 10?
-32010
What is -1000100000111000111 (base 2) in base 14?
-73955
Convert -b923b9 (base 12) to base 3.
-12111202012020
Convert -1450714 (base 8) to base 13.
-116682
Convert 534018 (base 10) to base 9.
1003473
What is -37203 (base 10) in base 16?
-9153
Convert 1090161 (base 11) to base 4.
13100232132
Convert 435305 (base 8) to base 12.
70685
-2123606 (base 8) to base 4
-2022132012
-251ee (base 15) to base 13
-41c81
What is -d5e8 (base 16) in base 8?
-152750
12324021 (base 5) to base 4
131122333
-31713 (base 8) to base 13
-605c
4277250 (base 8) to base 3
2011020202022
What is -14b2 (base 16) in base 4?
-1102302
-3240424 (base 5) to base 15
-117ae
51e7d6 (base 16) to base 7
63424315
What is 33221033011 (base 4) in base 14?
78a7ad
-294057 (base 10) to base 9
-487330
20021000112111 (base 3) to base 5
1322424233
-634460 (base 13) to base 6
-121442315
What is 1643215 (base 7) in base 2?
110111111101110010
What is 552544 (base 12) in base 13?
384553
Convert 38503 (base 12) to base 14.
1dd87
-1000011111011101 (base 2) to base 9
-52635
1212000010220 (base 3) to base 13
285ccc
Convert 42413 (base 6) to base 9.
7820
Convert -199ad (base 15) to base 8.
-242364
Convert 4623563 (base 8) to base 6.
42523255
3302401044 (base 5) to base 9
14273246
-300431013 (base 5) to base 8
-4415117
-13834237 (base 9) to base 10
-6872479
What is 22330531 (base 6) in base 11?
425387
What is 723924 (base 10) in base 14?
14bb6c
What is 121344a (base 11) in base 14?
3cddab
Convert 4eea (base 16) to base 5.
1121302
3558656 (base 9) to base 12
790206
What is 1222212221111 (base 3) in base 8?
4027456
136471 (base 8) to base 10
48441
Convert 1121013113 (base 4) to